15403800?
True
Does 33 divide 12824097?
True
Is 2223650608 a multiple of 1719?
False
Is 124599150 a multiple of 177?
True
Is 120 a factor of 1176679920?
True
Is 226 a factor of 12294400?
True
Does 25 divide 133790536?
False
Does 1489 divide 438467527?
False
Is 89570557 a multiple of 26?
False
Is 635419324 a multiple of 362?
True
Is 2 a factor of 70267722?
True
Does 9 divide 19742596?
False
Is 382923189 a multiple of 9?
True
Does 543 divide 26352333?
True
Does 96 divide 2925907200?
True
Is 10 a factor of 2035218180?
True
Is 679 a factor of 17493464?
False
Does 10 divide 22177325?
False
Does 340 divide 1212510720?
True
Is 866412258 a multiple of 7?
False
Does 2719 divide 723599313?
True
Is 1558 a factor of 49047398?
True
Is 3331 a factor of 576048488?
False
Is 43954820 a multiple of 35?
True
Is 123462360 a multiple of 504?
True
Does 45 divide 8147649?
False
Is 19 a factor of 2797791?
False
Is 247699724 a multiple of 219?
False
Is 164 a factor of 5771098?
False
Is 1051 a factor of 34602073?
True
Is 1261956870 a multiple of 90?
True
Does 1547 divide 9512029?
False
Is 21 a factor of 407141118?
False
Is 126338148 a multiple of 402?
True
Does 11 divide 79244622?
False
Does 1064 divide 97050632?
True
Is 12 a factor of 57450888?
True
Is 175 a factor of 88037577?
False
Is 33172720 a multiple of 2072?
True
Is 9045604 a multiple of 89?
True
Is 258817305 a multiple of 5?
True
Does 4 divide 936434599?
False
Is 626274570 a multiple of 314?
True
Does 3 divide 933300119?
False
Is 1064 a factor of 10877272?
True
Does 88 divide 2851904?
True
Does 3 divide 950689116?
True
Is 7 a factor of 10224979?
False
Is 15567868 a multiple of 75?
False
Does 157 divide 2388871965?
True
Is 42 a factor of 612347828?
False
Does 17 divide 129473280?
False
Is 784 a factor of 3710672?
True
Is 37 a factor of 18367429?
True
Does 88 divide 73169096?
True
Is 71306733 a multiple of 290?
False
Does 12 divide 223228375?
False
Is 31105061 a multiple of 996?
False
Does 190 divide 93425015?
False
Does 106 divide 9834052?
False
Is 5678694 a multiple of 428?
False
Is 12 a factor of 575349?
False
Is 3019626 a multiple of 58?
False
Does 387 divide 6528286192?
False
Does 6 divide 5074608?
True
Is 24 a factor of 39165816?
True
Is 324073148 a multiple of 4861?
True
Is 740 a factor of 515168760?
True
Does 1947 divide 50334303?
False
Does 11259 divide 307719729?
True
Does 265 divide 778174885?
True
Is 23 a factor of 4868583466?
True
Is 1598822366 a multiple of 13298?
False
Is 40280410 a multiple of 533?
False
Is 751 a factor of 466619581?
True
Is 9433372 a multiple of 2?
True
Does 123 divide 80072508?
True
Is 21 a factor of 32150166?
False
Does 13 divide 421869913?
False
Is 299 a factor of 1137779501?
False
Does 13 divide 21590738?
True
Is 444 a factor of 373376916?
True
Does 1584 divide 3385129539?
False
Is 275851206 a multiple of 279?
True
Is 11962163 a multiple of 14?
False
Is 26 a factor of 522482870?
True
Is 96 a factor of 101798616?
False
Is 2064616461 a multiple of 31?
True
Is 4307247 a multiple of 9?
True
Does 6 divide 1355367?
False
Is 5712938 a multiple of 40?
False
Is 345 a factor of 21430390?
False
Is 64 a factor of 14149760?
True
Does 348 divide 98076155?
False
Is 67219841 a multiple of 22?
False
Is 133911548 a multiple of 10?
False
Is 15933599 a multiple of 59?
True
Is 669126746 a multiple of 86?
False
Does 19 divide 215718400?
True
Is 52 a factor of 127228124?
False
Is 27 a factor of 52234169?
False
Does 177 divide 20740329?
True
Does 140 divide 59814767?
False
Is 13 a factor of 865465610?
False
Is 686039273 a multiple of 45?
False
Does 2174 divide 331985860?
False
Is 943183897 a multiple of 14?
False
Is 20 a factor of 6748570?
False
Does 37 divide 802115045?
True
Is 102607821 a multiple of 9?
True
Is 665 a factor of 25501420?
True
Does 6494 divide 89753574?
True
Is 950 a factor of 24193650?
True
Is 226 a factor of 40232520?
True
Does 6 divide 134787083?
False
Is 2022 a factor of 60670110?
True
Is 77208253 a multiple of 177?
False
Is 55934406 a multiple of 339?
False
Does 57 divide 158995191?
False
Is 843501474 a multiple of 2607?
False
Does 1583 divide 265978505?
False
Is 307720734 a multiple of 170?
False
Is 13440812 a multiple of 17?
True
Is 17 a factor of 500363584?
True
Does 26 divide 135780502?
True
Does 25 divide 351850175?
True
Is 13 a factor of 6605370949?
False
Is 9 a factor of 3422745?
True
Does 102 divide 19166504?
False
Is 2392546355 a multiple of 1607?
False
Does 738 divide 27599724?
True
Is 2208 a factor of 39342144?
True
Is 18528448 a multiple of 60?
False
Is 40457022 a multiple of 83?
True
Is 289087 a multiple of 17?
False
Does 47 divide 291224314?
True
Does 46 divide 124119960?
True
Is 10 a factor of 675639280?
True
Is 4 a factor of 363016257?
False
Does 940 divide 136015264?
False
Is 1493105412 a multiple of 6?
True
Does 29 divide 2824085308?
True
Is 15 a factor of 392367978?
False
Does 39 divide 6881718?
False
Is 29977324 a multiple of 68?
True
Is 85996727 a multiple of 2?
False
Is 251 a factor of 2523936?
False
Does 103 divide 30012964?
True
Is 78394368 a multiple of 64?
True
Does 221 divide 160509869?
True
Is 5 a factor of 115801045?
True
Is 226082080 a multiple of 374?
False
Does 8 divide 16382169?
False
Does 698 divide 1156990?
False
Is 20946551 a multiple of 2013?
False
Is 284309701 a multiple of 4157?
True
Does 2201 divide 288704546?
False
Is 2479499303 a multiple of 810?
False
Is 582315312 a multiple of 246?
False
Is 341258452 a multiple of 190?
False
Is 9920332 a multiple of 543?
False
Does 8849 divide 638685424?
True
Is 602 a factor of 29279434?
False
Is 994 a factor of 689173996?
True
Is 1068518259 a multiple of 29?
False
Is 11 a factor of 10525911?
True
Is 237 a factor of 1027402312?
False
Is 885635712 a multiple of 32?
True
Does 14 divide 5194626654?
True
Is 373 a factor of 256283824?
True
Is 3 a factor of 263526656?
False
Is 137722273 a multiple of 1670?
False
Does 69 divide 691157053?
False
Is 6 a factor of 2467297940?
False
Does 66 divide 9463212?
True
Is 36 a factor of 35198712?
True
Is 226167234 a multiple of 3378?
True
Is 84807196 a multiple of 13?
False
Does 199 divide 10465055?
False
Does 1435 divide 588977095?
True
Does 15 divide 33630775?
False
Is 116 a factor of 17642556?
True
Does 7 divide 54604987?
False
Is 626 a factor of 80900484?
True
Is 518 a factor of 13380458?
True
Is 22194324 a multiple of 324?
True
Is 248051930 a multiple of 590?
True
Does 8 divide 49532704?
True
Is 463 a factor of 103167512?
True
Is 137 a factor of 179918512?
False
Is 2489172796 a multiple of 484?
True
Is 12 a factor of 37882345?
False
Does 5 divide 23682275?
True
Is 37 a factor of 21421756?
False
Is 313445640 a multiple of 2261?
False
Is 60759088 a multiple of 52?
True
Does 15 divide 289101842?
False
Is 13680297 a multiple of 4?
False
Does 55 divide 3495667285?
True
Is 426976671 a multiple of 59?
False
Is 124 a factor of 92777172?
True
Does 82 divide 1952288141?
False
Is 181583778 a multiple of 546?
False
Is 65 a factor of 1040873145?
True
Is 40695167 a multiple of 15?
False
Does 2 divide 15951606?
True
Does 6 divide 108585288?
True
Is 70041 a multiple of 631?
True
Is 2524 a factor of 448358836?
False
Is 16465028 a multiple of 46?
False
Is 1577791433 a multiple of 198?
False
Is 859 a factor of 15501203?
False
Does 3233 divide 75385677?
False
Is 429438960 a multiple of 36?
True
Is 654 a factor of 4151522?
False
Does 2 divide 3140787?
False
Is 510 a factor of 417416640?
True
Is 9459899 a multiple of 69?
False
Does 100 divide 7262810?
False
Does 165 divide 3633100680?
True
Does 7619 divide 671020366?
False
Is 1609 a factor of 506722370?
True
Is 486343928 a multiple of 1079?
False
Is 1833536682 a multiple of 2493?
True
Is 3 a factor of 283227616?
False
Is 246517517 a multiple of 556?
False
Does 17 divide 8549147?
True
Is 4212 a factor of 81975335?
False
Is 2982965 a multiple of 2007?
False
Is 21631889 a multiple of 375?
False
Is 30 a factor of 63342715?
False
Is 36344232 a multiple of 68?
True
Is 76845717 a multiple of 67?
True
Does 13 divide 15000479?
True
Does 8 divide 509654592?
True
Does 5637 divide 404633342?
False
Is 1347 a factor of 53897511?
True
Does 57 divide 507056579?
False
Is 1989280927 a multiple of 3366?
False
Does 28 divide 83208776?
True
Does 3 div